[INFO] cloning repository https://github.com/beermate/beermate-webservice
[INFO] running `Command { std: "git" "-c" "credential.helper=" "-c" "credential.helper=/workspace/cargo-home/bin/git-credential-null" "clone" "--bare" "https://github.com/beermate/beermate-webservice" "/workspace/cache/git-repos/https%3A%2F%2Fgithub.com%2Fbeermate%2Fbeermate-webservice", kill_on_drop: false }`
[INFO] [stderr] Cloning into bare repository '/workspace/cache/git-repos/https%3A%2F%2Fgithub.com%2Fbeermate%2Fbeermate-webservice'...
[INFO] running `Command { std: "git" "rev-parse" "HEAD", kill_on_drop: false }`
[INFO] [stdout] 96535bb4290cd0339c9e3316a58cedde3e27ff6a
[INFO] checking beermate/beermate-webservice against try#72f88fc4e9458f89516a0b8b0868f3718aec5b47 for pr-74989
[INFO] running `Command { std: "git" "clone" "/workspace/cache/git-repos/https%3A%2F%2Fgithub.com%2Fbeermate%2Fbeermate-webservice" "/workspace/builds/worker-9/source", kill_on_drop: false }`
[INFO] [stderr] Cloning into '/workspace/builds/worker-9/source'...
[INFO] [stderr] done.
[INFO] validating manifest of git repo https://github.com/beermate/beermate-webservice on toolchain 72f88fc4e9458f89516a0b8b0868f3718aec5b47
[INFO] running `Command { std: "/workspace/cargo-home/bin/cargo" "+72f88fc4e9458f89516a0b8b0868f3718aec5b47" "read-manifest" "--manifest-path" "Cargo.toml", kill_on_drop: false }`
[INFO] started tweaking git repo https://github.com/beermate/beermate-webservice
[INFO] finished tweaking git repo https://github.com/beermate/beermate-webservice
[INFO] tweaked toml for git repo https://github.com/beermate/beermate-webservice written to /workspace/builds/worker-9/source/Cargo.toml
[INFO] crate git repo https://github.com/beermate/beermate-webservice already has a lockfile, it will not be regenerated
[INFO] running `Command { std: "/workspace/cargo-home/bin/cargo" "+72f88fc4e9458f89516a0b8b0868f3718aec5b47" "fetch" "--locked" "--manifest-path" "Cargo.toml", kill_on_drop: false }`
[INFO] [stderr] error: the lock file /workspace/builds/worker-9/source/Cargo.lock needs to be updated but --locked was passed to prevent this
[INFO] [stderr] If you want to try to generate the lock file without accessing the network, use the --offline flag.
[INFO] the lockfile is outdated, regenerating it
[INFO] running `Command { std: "/workspace/cargo-home/bin/cargo" "+72f88fc4e9458f89516a0b8b0868f3718aec5b47" "generate-lockfile" "--manifest-path" "Cargo.toml" "-Zno-index-update", kill_on_drop: false }`
[INFO] running `Command { std: "/workspace/cargo-home/bin/cargo" "+72f88fc4e9458f89516a0b8b0868f3718aec5b47" "fetch" "--locked" "--manifest-path" "Cargo.toml", kill_on_drop: false }`
[INFO] [stderr]     Blocking waiting for file lock on package cache
[INFO] [stderr]  Downloading crates ...
[INFO] [stderr]   Downloaded router v0.6.0
[INFO] [stderr]   Downloaded websocket v0.26.2
[INFO] [stderr]   Downloaded websocket-base v0.26.2
[INFO] [stderr]   Downloaded iron v0.6.1
[INFO] [stderr]   Downloaded route-recognizer v0.1.13
[INFO] running `Command { std: "docker" "create" "-v" "/var/lib/crater-agent-workspace/builds/worker-9/target:/opt/rustwide/target:rw,Z" "-v" "/var/lib/crater-agent-workspace/builds/worker-9/source:/opt/rustwide/workdir:ro,Z" "-v" "/var/lib/crater-agent-workspace/cargo-home:/opt/rustwide/cargo-home:ro,Z" "-v" "/var/lib/crater-agent-workspace/rustup-home:/opt/rustwide/rustup-home:ro,Z" "-e" "SOURCE_DIR=/opt/rustwide/workdir" "-e" "CARGO_TARGET_DIR=/opt/rustwide/target" "-e" "CARGO_HOME=/opt/rustwide/cargo-home" "-e" "RUSTUP_HOME=/opt/rustwide/rustup-home" "-w" "/opt/rustwide/workdir" "-m" "1610612736" "--user" "0:0" "--network" "none" "rustops/crates-build-env@sha256:d92eaeed33fa75130ca1ee6c8a01d1ffb62bac859dfdfb3450e3e5d1c0146529" "/opt/rustwide/cargo-home/bin/cargo" "+72f88fc4e9458f89516a0b8b0868f3718aec5b47" "metadata" "--no-deps" "--format-version=1", kill_on_drop: false }`
[INFO] [stderr] WARNING: Your kernel does not support swap limit capabilities or the cgroup is not mounted. Memory limited without swap.
[INFO] [stdout] ff93e9f10e09eec7eceafe7565391f097287fbb815156ba3ce5f610cf8b4ddfc
[INFO] running `Command { std: "docker" "start" "-a" "ff93e9f10e09eec7eceafe7565391f097287fbb815156ba3ce5f610cf8b4ddfc", kill_on_drop: false }`
[INFO] running `Command { std: "docker" "inspect" "ff93e9f10e09eec7eceafe7565391f097287fbb815156ba3ce5f610cf8b4ddfc", kill_on_drop: false }`
[INFO] running `Command { std: "docker" "rm" "-f" "ff93e9f10e09eec7eceafe7565391f097287fbb815156ba3ce5f610cf8b4ddfc", kill_on_drop: false }`
[INFO] [stdout] ff93e9f10e09eec7eceafe7565391f097287fbb815156ba3ce5f610cf8b4ddfc
[INFO] running `Command { std: "docker" "create" "-v" "/var/lib/crater-agent-workspace/builds/worker-9/target:/opt/rustwide/target:rw,Z" "-v" "/var/lib/crater-agent-workspace/builds/worker-9/source:/opt/rustwide/workdir:ro,Z" "-v" "/var/lib/crater-agent-workspace/cargo-home:/opt/rustwide/cargo-home:ro,Z" "-v" "/var/lib/crater-agent-workspace/rustup-home:/opt/rustwide/rustup-home:ro,Z" "-e" "SOURCE_DIR=/opt/rustwide/workdir" "-e" "CARGO_TARGET_DIR=/opt/rustwide/target" "-e" "CARGO_INCREMENTAL=0" "-e" "RUST_BACKTRACE=full" "-e" "RUSTFLAGS=--cap-lints=forbid" "-e" "CARGO_HOME=/opt/rustwide/cargo-home" "-e" "RUSTUP_HOME=/opt/rustwide/rustup-home" "-w" "/opt/rustwide/workdir" "-m" "1610612736" "--user" "0:0" "--network" "none" "rustops/crates-build-env@sha256:d92eaeed33fa75130ca1ee6c8a01d1ffb62bac859dfdfb3450e3e5d1c0146529" "/opt/rustwide/cargo-home/bin/cargo" "+72f88fc4e9458f89516a0b8b0868f3718aec5b47" "check" "--frozen" "--all" "--all-targets" "--message-format=json", kill_on_drop: false }`
[INFO] [stdout] 657f9c0a5d14a4a4c87243cb0b8ce87b8453aeeda1a905b8030503234702ed49
[INFO] [stderr] WARNING: Your kernel does not support swap limit capabilities or the cgroup is not mounted. Memory limited without swap.
[INFO] running `Command { std: "docker" "start" "-a" "657f9c0a5d14a4a4c87243cb0b8ce87b8453aeeda1a905b8030503234702ed49", kill_on_drop: false }`
[INFO] [stderr]     Checking cfg-if v0.1.10
[INFO] [stderr]    Compiling autocfg v0.1.7
[INFO] [stderr]    Compiling version_check v0.1.5
[INFO] [stderr]    Compiling log v0.4.11
[INFO] [stderr]    Compiling byteorder v1.3.4
[INFO] [stderr]    Compiling semver-parser v0.7.0
[INFO] [stderr]     Checking lazy_static v1.4.0
[INFO] [stderr]     Checking futures v0.1.29
[INFO] [stderr]    Compiling bitflags v1.2.1
[INFO] [stderr]     Checking traitobject v0.1.0
[INFO] [stderr]     Checking matches v0.1.8
[INFO] [stderr]    Compiling httparse v1.3.4
[INFO] [stderr]     Checking safemem v0.3.3
[INFO] [stderr]     Checking byte-tools v0.3.1
[INFO] [stderr]     Checking slab v0.4.2
[INFO] [stderr]     Checking percent-encoding v1.0.1
[INFO] [stderr]     Checking typeable v0.1.2
[INFO] [stderr]     Checking language-tags v0.2.2
[INFO] [stderr]     Checking route-recognizer v0.1.13
[INFO] [stderr]     Checking rustc-serialize v0.3.24
[INFO] [stderr]     Checking deque v0.3.2
[INFO] [stderr]    Compiling rand_core v0.3.1
[INFO] [stderr]    Compiling rand_jitter v0.1.4
[INFO] [stderr]     Checking lock_api v0.3.4
[INFO] [stderr]     Checking block-padding v0.1.5
[INFO] [stderr]     Checking unicode-bidi v0.3.4
[INFO] [stderr]     Checking unsafe-any v0.4.2
[INFO] [stderr]    Compiling libc v0.2.77
[INFO] [stderr]    Compiling rand_xorshift v0.1.1
[INFO] [stderr]    Compiling rand_isaac v0.1.1
[INFO] [stderr]    Compiling rand_hc v0.1.0
[INFO] [stderr]    Compiling semver v0.9.0
[INFO] [stderr]     Checking net2 v0.2.35
[INFO] [stderr]     Checking rand_os v0.1.3
[INFO] [stderr]     Checking typemap v0.3.3
[INFO] [stderr]     Checking crossbeam-utils v0.7.2
[INFO] [stderr]     Checking smallvec v0.6.13
[INFO] [stderr]     Checking generic-array v0.12.3
[INFO] [stderr]    Compiling unicase v1.4.2
[INFO] [stderr]     Checking idna v0.1.5
[INFO] [stderr]    Compiling rand_chacha v0.1.1
[INFO] [stderr]    Compiling rand_pcg v0.1.2
[INFO] [stderr]    Compiling rand v0.6.5
[INFO] [stderr]     Checking plugin v0.2.6
[INFO] [stderr]     Checking log v0.3.9
[INFO] [stderr]     Checking mio v0.6.22
[INFO] [stderr]     Checking openssl v0.10.30
[INFO] [stderr]    Compiling rustc_version v0.2.3
[INFO] [stderr]     Checking mime v0.2.6
[INFO] [stderr]     Checking digest v0.8.1
[INFO] [stderr]    Compiling phf_shared v0.7.24
[INFO] [stderr]     Checking bytes v0.4.12
[INFO] [stderr]     Checking base64 v0.9.3
[INFO] [stderr]     Checking block-buffer v0.7.3
[INFO] [stderr]     Checking base64 v0.10.1
[INFO] [stderr]     Checking phf v0.7.24
[INFO] [stderr]     Checking url v1.7.2
[INFO] [stderr]    Compiling parking_lot_core v0.6.2
[INFO] [stderr]    Compiling parking_lot v0.9.0
[INFO] [stderr]     Checking sha-1 v0.8.2
[INFO] [stderr]     Checking tokio-executor v0.1.10
[INFO] [stderr]     Checking tokio-sync v0.1.8
[INFO] [stderr]     Checking tokio-io v0.1.13
[INFO] [stderr]     Checking hyper v0.10.16
[INFO] [stderr]     Checking tokio-reactor v0.1.12
[INFO] [stderr]     Checking tokio-codec v0.1.2
[INFO] [stderr]     Checking native-tls v0.2.4
[INFO] [stderr]    Compiling phf_generator v0.7.24
[INFO] [stderr]     Checking tokio-tcp v0.1.4
[INFO] [stderr]    Compiling phf_codegen v0.7.24
[INFO] [stderr]     Checking tokio-tls v0.2.1
[INFO] [stderr]    Compiling mime_guess v1.8.8
[INFO] [stderr]     Checking websocket-base v0.26.2
[INFO] [stderr]     Checking websocket v0.26.2
[INFO] [stderr]     Checking iron v0.6.1
[INFO] [stderr]     Checking router v0.6.0
[INFO] [stderr]     Checking beermate-webservice v0.1.0 (/opt/rustwide/workdir)
[INFO] [stdout] error[E0432]: unresolved imports `websocket::Sender`, `websocket::Server`
[INFO] [stdout]  --> src/beermate/websocket/mod.rs:6:26
[INFO] [stdout]   |
[INFO] [stdout] 6 | use websocket::{Message, Sender, Server};
[INFO] [stdout]   |                          ^^^^^^  ^^^^^^ no `Server` in the root
[INFO] [stdout]   |                          |
[INFO] [stdout]   |                          no `Sender` in the root
[INFO] [stdout]   |
[INFO] [stdout] help: a similar name exists in the module
[INFO] [stdout]   |
[INFO] [stdout] 6 | use websocket::{Message, sender, Server};
[INFO] [stdout]   |                          ^^^^^^
[INFO] [stdout] help: a similar name exists in the module
[INFO] [stdout]   |
[INFO] [stdout] 6 | use websocket::{Message, Sender, server};
[INFO] [stdout]   |                                  ^^^^^^
[INFO] [stdout] 
[INFO] [stdout] 
[INFO] [stdout] error[E0432]: unresolved import `websocket::stream::WebSocketStream`
[INFO] [stdout]  --> src/beermate/websocket/mod.rs:8:5
[INFO] [stdout]   |
[INFO] [stdout] 8 | use websocket::stream::WebSocketStream;
[INFO] [stdout]   |     ^^^^^^^^^^^^^^^^^^^^^^^^^^^^^^^^^^ no `WebSocketStream` in `stream`
[INFO] [stdout] 
[INFO] [stdout] 
[INFO] [stdout] error[E0107]: wrong number of type arguments: expected 0, found 1
[INFO] [stdout]   --> src/beermate/websocket/mod.rs:30:49
[INFO] [stdout]    |
[INFO] [stdout] 30 | fn start_connection(sender: &mut sender::Sender<WebSocketStream>, stealer: Stealer<Mat>) {
[INFO] [stdout]    |                                                 ^^^^^^^^^^^^^^^ unexpected type argument
[INFO] [stdout] 
[INFO] [stdout] 
[INFO] [stdout] error: aborting due to 3 previous errors
[INFO] [stdout] 
[INFO] [stdout] 
[INFO] [stdout] Some errors have detailed explanations: E0107, E0432.
[INFO] [stdout] 
[INFO] [stdout] For more information about an error, try `rustc --explain E0107`.
[INFO] [stdout] 
[INFO] [stderr] error: could not compile `beermate-webservice`.
[INFO] [stderr] 
[INFO] [stderr] To learn more, run the command again with --verbose.
[INFO] [stderr] warning: build failed, waiting for other jobs to finish...
[INFO] [stdout] error[E0432]: unresolved imports `websocket::Sender`, `websocket::Server`
[INFO] [stdout]  --> src/beermate/websocket/mod.rs:6:26
[INFO] [stdout]   |
[INFO] [stdout] 6 | use websocket::{Message, Sender, Server};
[INFO] [stdout]   |                          ^^^^^^  ^^^^^^ no `Server` in the root
[INFO] [stdout]   |                          |
[INFO] [stdout]   |                          no `Sender` in the root
[INFO] [stdout]   |
[INFO] [stdout] help: a similar name exists in the module
[INFO] [stdout]   |
[INFO] [stdout] 6 | use websocket::{Message, sender, Server};
[INFO] [stdout]   |                          ^^^^^^
[INFO] [stdout] help: a similar name exists in the module
[INFO] [stdout]   |
[INFO] [stdout] 6 | use websocket::{Message, Sender, server};
[INFO] [stdout]   |                                  ^^^^^^
[INFO] [stdout] 
[INFO] [stdout] 
[INFO] [stdout] error[E0432]: unresolved import `websocket::stream::WebSocketStream`
[INFO] [stdout]  --> src/beermate/websocket/mod.rs:8:5
[INFO] [stdout]   |
[INFO] [stdout] 8 | use websocket::stream::WebSocketStream;
[INFO] [stdout]   |     ^^^^^^^^^^^^^^^^^^^^^^^^^^^^^^^^^^ no `WebSocketStream` in `stream`
[INFO] [stdout] 
[INFO] [stdout] 
[INFO] [stdout] error[E0107]: wrong number of type arguments: expected 0, found 1
[INFO] [stdout]   --> src/beermate/websocket/mod.rs:30:49
[INFO] [stdout]    |
[INFO] [stdout] 30 | fn start_connection(sender: &mut sender::Sender<WebSocketStream>, stealer: Stealer<Mat>) {
[INFO] [stdout]    |                                                 ^^^^^^^^^^^^^^^ unexpected type argument
[INFO] [stdout] 
[INFO] [stdout] 
[INFO] [stdout] error: aborting due to 3 previous errors
[INFO] [stdout] 
[INFO] [stdout] 
[INFO] [stdout] Some errors have detailed explanations: E0107, E0432.
[INFO] [stdout] 
[INFO] [stdout] For more information about an error, try `rustc --explain E0107`.
[INFO] [stdout] 
[INFO] [stderr] error: build failed
[INFO] running `Command { std: "docker" "inspect" "657f9c0a5d14a4a4c87243cb0b8ce87b8453aeeda1a905b8030503234702ed49", kill_on_drop: false }`
[INFO] running `Command { std: "docker" "rm" "-f" "657f9c0a5d14a4a4c87243cb0b8ce87b8453aeeda1a905b8030503234702ed49", kill_on_drop: false }`
[INFO] [stdout] 657f9c0a5d14a4a4c87243cb0b8ce87b8453aeeda1a905b8030503234702ed49
